test common divisor of 40 and 3140?
20
What is the greatest common factor of 20548 and 88?
44
Calculate the greatest common factor of 16 and 332.
4
Calculate the highest common divisor of 2147 and 57.
19
Calculate the greatest common factor of 276 and 92.
92
Calculate the highest common factor of 192 and 168.
24
What is the highest common factor of 252 and 72?
36
Calculate the highest common factor of 658 and 1880.
94
Calculate the greatest common divisor of 24 and 132.
12
Calculate the greatest common divisor of 5047 and 103.
103
What is the greatest common factor of 8 and 968?
8
Calculate the highest common divisor of 208 and 325.
13
What is the greatest common divisor of 3430 and 42?
14
What is the highest common divisor of 73 and 14016?
73
Calculate the greatest common divisor of 22104 and 32.
8
Calculate the greatest common divisor of 90 and 6440.
10
What is the greatest common divisor of 396 and 220?
44
Calculate the greatest common factor of 315 and 455.
35
Calculate the highest common divisor of 255 and 1.
1
Calculate the greatest common divisor of 2155 and 10.
5
What is the greatest common factor of 550 and 44?
22
Calculate the highest common divisor of 132 and 231.
33
What is the highest common factor of 950 and 1292?
38
What is the highest common divisor of 1390 and 8201?
139
What is the greatest common factor of 84 and 60?
12
What is the highest common factor of 54 and 48?
6
What is the highest common divisor of 12 and 11?
1
Calculate the greatest common divisor of 364 and 56.
28
Calculate the greatest common factor of 13164 and 84.
12
Calculate the highest common factor of 252 and 468.
36
What is the highest common factor of 514 and 35209?
257
Calculate the greatest common factor of 252 and 3717.
63
Calculate the greatest common divisor of 160 and 60.
20
What is the highest common factor of 195 and 61815?
195
Calculate the greatest common divisor of 132 and 220.
44
Calculate the greatest common divisor of 21 and 66.
3
Calculate the greatest common divisor of 36 and 31014.
18
Calculate the highest common divisor of 986 and 2030.
58
What is the highest common divisor of 169 and 52?
13
What is the greatest common divisor of 84 and 525?
21
What is the greatest common divisor of 16 and 496?
16
What is the highest common factor of 21 and 35?
7
Calculate the highest common factor of 69 and 7383.
69
Calculate the highest common divisor of 1 and 131.
1
What is the highest common divisor of 35 and 805?
35
Calculate the highest common factor of 156 and 84.
12
Calculate the greatest common divisor of 111 and 5069.
37
What is the highest common factor of 3249 and 9?
9
What is the greatest common divisor of 33 and 66?
33
Calculate the highest common factor of 6 and 10.
2
Calculate the greatest common divisor of 99 and 11.
11
Calculate the highest common factor of 84 and 12.
12
What is the highest common factor of 27 and 963?
9
What is the greatest common factor of 8092 and 28?
28
What is the highest common factor of 130 and 25350?
130
What is the highest common factor of 40 and 260?
20
What is the highest common divisor of 840 and 1720?
40
What is the greatest common factor of 4050 and 14400?
450
Calculate the highest common divisor of 9 and 48.
3
What is the highest common factor of 113950 and 106?
106
What is the greatest common divisor of 15 and 12?
3
Calculate the highest common divisor of 660 and 180.
60
What is the greatest common divisor of 108 and 6858?
54
Calculate the highest common divisor of 874 and 138.
46
What is the greatest common divisor of 369 and 9?
9
Calculate the greatest common divisor of 30 and 10110.
30
Calculate the highest common divisor of 6 and 38.
2
Calculate the highest common divisor of 40 and 580.
20
What is the greatest common factor of 36 and 36?
36
Calculate the greatest common divisor of 40 and 115.
5
Calculate the greatest common divisor of 580 and 40.
20
Calculate the greatest common factor of 825 and 33.
33
What is the greatest common factor of 187 and 176?
11
Calculate the greatest common factor of 312 and 39.
39
Calculate the highest common divisor of 152 and 40.
8
Calculate the greatest common divisor of 260 and 20.
20
Calculate the highest common factor of 40633 and 179.
179
What is the greatest common factor of 3350 and 150?
50
Calculate the greatest common factor of 1070 and 20.
10
Calculate the highest common divisor of 754 and 1102.
58
Calculate the greatest common divisor of 777 and 111.
111
What is the greatest common factor of 480 and 465?
15
What is the highest common divisor of 902 and 22?
22
What is the highest common divisor of 19203 and 111?
111
Calculate the greatest common factor of 40 and 10.
10
Calculate the highest common divisor of 459 and 51.
51
Calculate the greatest common factor of 2 and 3434.
2
What is the greatest common divisor of 1541 and 23?
23
What is the greatest common divisor of 252 and 483?
21
Calculate the greatest common divisor of 520 and 320.
40
What is the highest common divisor of 14682 and 3?
3
Calculate the greatest common divisor of 3374 and 4097.
241
Calculate the highest common factor of 1395 and 45.
45
Calculate the greatest common factor of 15543 and 99.
99
What is the greatest common divisor of 6096 and 48?
48
Calculate the greatest common divisor of 3105 and 7935.
345
Calculate the highest common factor of 12627 and 2691.
207
What is the highest common factor of 32 and 304?
16
What is the greatest common divisor of 101 and 40703?
101
What is the greatest common factor of 693 and 315?
63
What is the greatest common factor of 180 and 7680?
60
Calculate the highest common divisor of 52598 and 182.
182
What is the highest common divisor of 28 and 56?
28
Calculate the highest common divisor of 42 and 1162.
14
Calculate the highest common factor of 32 and 24.
8
Calculate the highest common divisor of 7 and 287.
7
Calculate the highest common factor of 13626 and 18.
18
What is the highest common divisor of 4514 and 74?
74
Calculate the highest common factor of 41 and 1312.
41
Calculate the greatest common divisor of 836 and 475.
19
Calculate the greatest common factor of 156 and 28.
4
Calculate the greatest common factor of 434 and 1488.
62
What is the highest common divisor of 12 and 2034?
6
What is the highest common factor of 290 and 30?
10
What is the highest common divisor of 294 and 336?
42
What is the greatest common factor of 5360 and 112?
16
What is the highest common factor of 140 and 120?
20
Calculate the highest common divisor of 1932 and 2436.
84
Calculate the highest common factor of 5 and 20.
5
Calculate the highest common factor of 854 and 14.
14
Calculate the greatest common factor of 6 and 141.
3
Calculate the greatest common factor of 26 and 403.
13
What is the greatest common factor of 220 and 275?
55
What is the greatest common divisor of 365 and 535?
5
Calculate the highest common divisor of 108 and 252.
36
Calculate the greatest common factor of 3300 and 84.
12
Calculate the greatest common factor of 177 and 295.
59
Calculate the greatest common factor of 12 and 69.
3
What is the greatest common divisor of 9 and 90?
9
What is the highest common divisor of 4354 and 112?
14
Calculate the highest common factor of 4 and 2.
2
What is the greatest common factor of 215 and 10?
5
Calculate the highest common factor of 6641 and 229.
229
Calculate the highest common divisor of 1674 and 36.
18
Calculate the highest common divisor of 88 and 22.
22
Calculate the highest common divisor of 14 and 1673.
7
What is the greatest common divisor of 6 and 3048?
6
What is the greatest common factor of 28 and 196?
28
Calculate the greatest common divisor of 44 and 66.
22
What is the highest common factor of 13237 and 122?
61
What is the greatest common factor of 1120 and 8540?
140
What is the highest common divisor of 60 and 348?
12
Calculate the highest common divisor of 52 and 1560.
52
What is the highest common factor of 984 and 72?
24
What is the greatest common factor of 48 and 504?
24
Calculate the highest common factor of 102 and 384.
6
What is the greatest common factor of 840 and 5000?
40
Calculate the highest common factor of 57225 and 150.
75
Calculate the highest common divisor of 121 and 528.
11
Calculate the highest common divisor of 602 and 658